3 + -3 + 1). Let v be ((-2)/q)/((-18)/45). Suppose 4*d = 133 - v. List the prime factors of d.
3, 11
Let z = 420 + 318. What are the prime factors of z?
2, 3, 41
Suppose -1 - 100 = -l - 3*n, -l + n + 105 = 0. List the prime factors of l.
2, 13
Let t be 5/2*4/5. Let d(a) = -3 + 1 + a - t + 1. List the prime factors of d(11).
2
Suppose 0 = -8*q - 4 + 316. Suppose -q = -3*b + 3. List the prime factors of b.
2, 7
Let w(j) = -4*j + 25 + 0*j - 2*j**3 + 3*j**3 - 4 - 12*j**2. List the prime factors of w(13).
2, 3, 23
Suppose 7*b + 2*b = 1647. What are the prime factors of b?
3, 61
Let c = -61 + 91. Suppose -8*g + 3*g = -c. Let o(i) = i**2 + 5*i - 14. What are the prime factors of o(g)?
2, 13
Suppose m = 6*m + 345. Let i(y) = 15*y - 2. Let t be i(8). Let u = m + t. List the prime factors of u.
7
Suppose g = 2*u - 17, 0*g - 2*g = -3*u + 26. Let z = u + -5. Suppose 0*o + 10 = o + z*k, 5*k + 86 = 3*o. List the prime factors of o.
2, 11
Suppose 0 = 3*o + 12, -6*o = a - 2*o - 394. Suppose 12*r - 2630 + a = 0. List the prime factors of r.
5, 37
Let r(c) = -c**3 - 8*c**2 + 9*c + 4. Let f be r(-9). Suppose 0 = z - n + 1, 2*n + 36 = f*z + 6*n. Suppose -g = z*g - 55. What are the prime factors of g?
11
Let w = -511 - -881. List the prime factors of w.
2, 5, 37
Suppose 0 = 72*f - 70*f - 1350. Suppose -4*i - i = -4*b + 538, 0 = -5*b + 5*i + f. What are the prime factors of b?
137
Let f = -6 + 6. Suppose f*r = -3*r + 6. Suppose -3*l + 84 = -3*h, r*h = -2*h + 4. List the prime factors of l.
29
Let q(o) = o**3 - 3*o**2 - 14*o - 2. Suppose -2*g = 2*g - 16, -2*g = -2*v - 8. Suppose -5*u + 2*d + 33 = d, v = -3*d - 9. List the prime factors of q(u).
2, 11
Let u = 11 - 8. Suppose -8 = u*v - v. Let a = 13 - v. List the prime factors of a.
17
Suppose 12 = -4*v - 5*l, -v + 4*l + 8 = -5*v. Suppose 0 = -w + 5*y + 19, -2*w - v*y = -3*w + 19. What are the prime factors of w/7 + 4/14?
3
Suppose 3*p + 0*p = 4*x - 13, x = 2*p + 7. Let i(f) = -f**3 + f**2 + 2*f - 1. What are the prime factors of i(p)?
29
Let s(o) = -13*o**2 - 4*o - 5. Let n(g) = 14*g**2 + 4*g + 4. Let v(u) = -5*n(u) - 4*s(u). Let z be v(-10). What are the prime factors of z/(-56) - (-6)/(-14)?
31
Suppose -15*v + 20*v - 390 = 0. Let o = -48 + v. List the prime factors of o.
2, 3, 5
Let o = 44 - 59. List the prime factors of 4/(-6)*(-69 + o).
2, 7
Suppose f = 3*h - 201, 5*h = 3*h + 2*f + 134. What are the prime factors of h?
67
Suppose 7*i - 3*i = 2*d - 64, -d + 33 = -i. Let m(x) = 2*x**2 + 6*x - 3. Let h be m(-5). Let c = d - h. List the prime factors of c.
17
Let c(q) = 278*q**2 - 19*q + 42. List the prime factors of c(2).
2, 3, 31
Let v = 4122 - 2621. What are the prime factors of v?
19, 79
Suppose -2*j = -1 - 1. What are the prime factors of (171/6)/((-6)/(-16)) + j?
7, 11
Let f(m) = m**3 + 9*m**2 - 11*m - 15. Let s be f(-10). Let j = 7 + s. Suppose 0 = 4*d + a - 56, -2*d + d + j*a + 14 = 0. List the prime factors of d.
2, 7
Let h(a) = -a**2 + 11. Let x be h(12). List the prime factors of -1 + 2/(-4) - x/2.
5, 13
Suppose 70 - 248 = 4*l + 3*d, 4*l = 5*d - 194. What are the prime factors of (l/10 - -3)/(3/(-300))?
2, 5
Suppose -4554 = -919*k + 916*k. What are the prime factors of k?
2, 3, 11, 23
Let m be (99/18)/(1/(-12)). Let r = m + 98. What are the prime factors of r?
2
Let q be (5/(-4))/((-4)/(-96)). Let t be (-4)/5*q/2. What are the prime factors of (t/10)/(15/350)?
2, 7
Suppose -3*r + 0*r = -2*n + 17, 4*r + 12 = 0. Let j be 2 + 0 + -3 + n. Suppose m - l = 39, -m + 5*l + 157 = j*m. List the prime factors of m.
2, 19
Suppose 4*a + g = 23, -11*a + 3*g - 27 = -16*a. Let t(n) = 2*n. Let j be t(-3). List the prime factors of 237/a - (-9)/j.
2, 19
Let a = 4334 - 2253. What are the prime factors of a?
2081
Let b(d) = d**2 - 5*d + 4. Let i be b(5). Let x = 16 - i. List the prime factors of x.
2, 3
Let c(t) be the second derivative of -7*t**3/6 - 10*t**2 + t. Suppose -2*p = -3*q - 29, -8 = 5*q + p + 36. List the prime factors of c(q).
43
Let v = 26 - 55. Let y = 25 + v. List the prime factors of (-4 + (-6)/y)*-10.
5
Suppose -4*u = -3*i - 10, 0*i + 14 = 2*u + 3*i. Suppose -v - u + 39 = 0. Let b = v - 20. What are the prime factors of b?
3, 5
Suppose -10*i = -13*i + 321. List the prime factors of i.
107
Let z(x) = 59*x**2 + x. Suppose -7*l + 1 = -6*l. List the prime factors of z(l).
2, 3, 5
Let x be -7*(1356/(-28) + -3). Suppose 2*v - 138 = 5*m - 4*m, -5*v - 5*m + x = 0. What are the prime factors of v?
2, 5, 7
Suppose -2*o + 2*w = 6, -41 = -2*o - 5*w - 12. List the prime factors of (o/(-3))/((-2)/219).
73
Let a be 1 + (1 - -2) - (-14 - -18). What are the prime factors of (13 - a)*7 - 1?
2, 3, 5
Let m be 585/18*(6 + -2 - 0). Suppose m = -3*x + 5*x. What are the prime factors of x?
5, 13
Let z(o) = -3*o. Let x(d) = 2*d + 1. Let u = -6 + 5. Let g be x(u). What are the prime factors of z(g)?
3
Suppose -5876 = 27*f - 29*f - 2*r, -3*f + 8818 = 4*r. What are the prime factors of f?
2, 3, 163
Let c(o) = -o**2 + o + 1. Let w(x) = x**2 + 10*x - 2. Let g(z) = -2*c(z) - w(z). Let r be g(13). What are the prime factors of (r/2 - 4)*4?
2, 5
Suppose -7*o = -2*o + 4*j - 1211, 0 = -4*o + 4*j + 976. List the prime factors of o.
3
Let h(w) = 23*w - w + 23*w - 2. List the prime factors of h(3).
7, 19
Suppose -4*s + 1862 = 2*x - 2*s, 3 = -s. What are the prime factors of x?
2, 467
Let b(d) = -2*d + 2 + 0*d + 3*d + d**2 - 6*d. What are the prime factors of b(6)?
2
Suppose 0 = -0*v + 4*v - 16. List the prime factors of 6/v + (-154)/(-4).
2, 5
Suppose 5*j + g + 1290 = -4*g, 5*j = 5*g - 1330. What are the prime factors of j/(-10) + 5/(-22 + -3)?
2, 13
What are the prime factors of 1/(((-1)/(-1721))/(3/3))?
1721
Let d(o) = -77*o - 568. What are the prime factors of d(-58)?
2, 1949
Let j(w) = w**3 + 5*w**2 - 7*w + 1. Let p = 130 - 126. What are the prime factors of j(p)?
3, 13
Let q(j) = -j**2 - 4*j - 5. Let d be q(-5). Let a = d + 13. Suppose 4*k = 3*s + 32, k = -a*s - s + 8. List the prime factors of k.
2
Let q = 38 - 34. Suppose -7*p = -3*p + q*n - 140, 0 = -3*n + 12. List the prime factors of p.
31
Let h = -1588 - -4256. What are the prime factors of h?
2, 23, 29
Let i = 211 - 45. Let u = -97 + i. List the prime factors of u.
3, 23
Let o = -33 - -38. Suppose -o*y = -138 - 377. What are the prime factors of y?
103
Let t(s) = -s**3 - s**2 + 2*s + 170. Suppose -2*m + 0*m = 0. Let r be t(m). Suppose 3*l - 37 = r. List the prime factors of l.
3, 23
What are the prime factors of 42*(2 + -3)/(-2 - -1)?
2, 3, 7
List the prime factors of 27717/7 + 444/(-42) + 11.
2, 3, 5, 11
Let x = 25 - 27. Let s(k) = -5*k - 7. List the prime factors of s(x).
3
Suppose -z = -u - 1172, 2*z - 2364 = -0*z - 2*u. What are the prime factors of z?
11, 107
Suppose -857 = -5*k + 113. What are the prime factors of k?
2, 97
Let g = -1376 - -2903. What are the prime factors of g?
3, 509
Let a(t) = t**2 - 7*t + 7. Let x be a(5). What are the prime factors of (x/9)/(9/(-675))?
5
Let u(t) = -11*t**2 + 3*t + 51*t**2 - 5*t - 1. List the prime factors of u(2).
5, 31
Let j(o) = 16*o**2 - 2. Let h(u) = -3*u**2 - u - 1. Let c be h(-1). What are the prime factors of j(c)?
2, 71
Suppose 0 = 19*n - 11*n - 1232. Suppose -2*v - n = -4*v. What are the prime factors of v?
7, 11
Suppose -4*c = -0*c + 3*q + 3, 5 = -4*c - 5*q. Suppose -4*w - m = -216, c = -2*w - 2*m + 62 + 46. What are the prime factors of w?
2, 3
Let b = 56 + -52. Suppose d = -4*r + 4*d + 985, -2*r - b*d + 498 = 0. List the prime factors of r.
13, 19
Let a(l) = -l**3 + 2*l**2 - 4*l - 64. What are the prime factors of a(-9)?
863
Suppose -4*m + 33 = -7*m. Let b = 34 + m. What are the prime factors of b?
23
Suppose -4*q + 2*h + 406 = 0, 4*q + 4*h - 403 = 5*h. List the prime factors of q.
2, 5
Let k = -440 + 2495. List the prime factors of k.
3, 5, 137
Let u = 4260 - 2842. List the prime factors of u.
2, 709
Let f(i) = 495*i - 23. List the prime factors of f(2).
967
Let n(b) = -164*b + 6. Let l(y) = y + 1. Let v(s) = 8*l(s) - n(s). What are the prime factors of v(1)?
2, 3, 29
Let c = -12 - -22. Suppose 107 = o + c. What are the prime factors of o?
97
Let p be 1 + 477 - 6/(-12)*-2. Suppose p = 3*s - 3*u, -4*s + 382 = -3*u - 257. What are the prime factors of s?
2, 3
Suppose -3*k = -4*q + 52, -2*k + 84 = 4*q + 3*k. Let n = q + 75.